hest common factor of s and h.
6
Let b be 340/6*195/(-26). Let f = b - -665. Calculate the greatest common factor of f and 15.
15
Let m = -52 + 62. Suppose m = 2*i + 3*i, -5*i = -3*b + 56. Let h = 208 + -98. What is the highest common divisor of h and b?
22
Let y(s) = 60*s + 470. Let d be y(-4). Calculate the greatest common divisor of d and 40.
10
Suppose s - f - 3 + 7 = 0, 3*f - 12 = -5*s. Suppose s = -3*g + 18 - 6. Suppose -52*v - 415 + 1039 = 0. Calculate the highest common factor of v and g.
4
Let r = 871 + -857. What is the greatest common factor of r and 315?
7
Let n(z) = -4*z - 6. Let p be (-8)/(-6)*(13 + -16). Let g be n(p). Suppose 2*w + 2*k = 50, -2*k = -7 - 3. Calculate the highest common divisor of w and g.
10
Let o(r) = 3 - 5 + 10 + 9*r + r**2 - 4. Let v be o(-11). What is the greatest common factor of 13 and v?
13
Let i = -6 + 9. Suppose -i*p - 4*g + 30 = 2*p, -5*p = -5*g + 15. Suppose -2*n = -4*z - 34, -3*z + p*z = 5. What is the greatest common factor of 7 and n?
7
Let k be (-1852)/(-24) + 1/(-6). Suppose 2*c + 28 - k = -j, -4*c + 101 = -j. What is the highest common divisor of c and 175?
25
Let y(v) = -v**2 + 12*v + 17. Let l be y(13). Suppose -23 - 9 = -l*j. Calculate the highest common factor of 56 and j.
8
Let x = -1080 + 1146. Calculate the greatest common factor of 957 and x.
33
Let d be -4 + ((-2114)/(-10) - (-6)/10). What is the highest common divisor of d and 16?
16
Suppose -23*k = -26*k + 2808. Calculate the highest common divisor of 9 and k.
9
Let q be (-1 + 2/10)/((-1)/(-5)). Let m be q - (4/(-8)*8 - 45). Let n be (-88)/(-5) - (-2)/5. What is the highest common divisor of m and n?
9
Suppose -4*h + 10 = -2*y, -2*y - 5*h + 35 = 3*y. Suppose 2 = y*n - 2*n. Let b be (5/((-25)/(-120)))/n. Calculate the highest common divisor of 8 and b.
4
Let j be 12/(-14)*(-3 - -10). Let p be (27/j)/(-9)*0. Suppose 3*u + p*u = 45. What is the greatest common factor of 5 and u?
5
Suppose 17*o + 76 = 15*o. Let n = 41 + o. Calculate the highest common factor of n and 9.
3
Let m = -754 - -1133. Let k = -204 + m. Calculate the highest common factor of k and 35.
35
Let b(w) = w**2 + 5*w + 2. Let t be b(-7). Suppose 0 = -4*o - t - 28. Let r = 35 + o. Calculate the greatest common factor of 192 and r.
24
Let m(b) = -18*b - 128. Let h be m(-12). Calculate the highest common divisor of h and 22.
22
Let k(c) = 4*c - 2. Let u be k(6). Let a be 14/(-21)*(-9)/15 - (-656)/10. What is the greatest common factor of u and a?
22
Suppose 2 + 2 = -j. Let p = 7 + j. Let c = 7 + -4. Calculate the greatest common factor of p and c.
3
Let p = -8 - -21. Suppose 0 = -26*l - 14*l + 4160. Calculate the highest common factor of p and l.
13
Let i(q) = 10*q**2 - 144*q + 326. Let l be i(12). Let v = -13 + 32. What is the greatest common divisor of l and v?
19
Suppose -o - 2*a + 3 = 0, -5*o + 18 = -o + 2*a. Suppose 3*v + v = 2*r - 36, -3*r = -o*v - 49. Calculate the highest common divisor of 32 and r.
8
Let g = -2 - -2. Let q be 11*2 - (1 - g). Let w be 49 - (-56)/(-9 - -1). Calculate the highest common factor of w and q.
21
Let k be (-2)/((-228)/(-198) - (-8)/(-6)). Suppose -k*o = -2*o - 810. Calculate the greatest common divisor of 10 and o.
10
Let g be ((2 - (2 - 0)) + -1)*-1. Suppose -17 = -2*u - x + g, -4*u + 36 = -2*x. Calculate the highest common divisor of 12 and u.
3
Let x(l) = 13*l + 4. Let v be x(4). Suppose 13 = 4*u - 3. What is the highest common factor of v and u?
4
Suppose -2*y + 3 + 5 = 0. Suppose -93 - 33 = -2*n. Suppose -y*p + d + 39 = -p, -n = -4*p + 5*d. What is the highest common divisor of p and 84?
12
Let y = 4 - 2. Let k be (-2)/4*0 - -16. Suppose -2*l - y*l = -k. What is the highest common factor of l and 4?
4
Let q(x) = -70*x - 76. Let f be q(-2). Calculate the highest common divisor of f and 7.
1
Let q = 171 - 52. Suppose -3*o + 49 = -h, -o = 4*h + 16 - 41. Calculate the greatest common factor of q and o.
17
Let j(o) be the second derivative of o**4/6 + 5*o**3/6 + 2*o**2 + 5*o. Let i = -9 - -6. Let w be j(i). Calculate the greatest common factor of 14 and w.
7
Let o(b) = 8*b - 4. Let d be o(3). Let c be 46*(7/(-2))/(-7). Let j = c - 15. Calculate the greatest common divisor of j and d.
4
Let p(y) = -y**3 + 5*y**2 - 2*y - 5. Let n be p(4). Suppose 2*v = -4*w + 46, 4*w + 0*w - 73 = -n*v. Calculate the greatest common divisor of 81 and v.
27
Let c be -3*(33/33)/((-6)/10). Calculate the greatest common divisor of 65 and c.
5
Let o(y) = -y**2 - 10*y + 48. Let f be o(-12). Calculate the greatest common factor of f and 36.
12
Suppose 2*f - 2*i + 24 = 4*f, 3*f = -i + 32. What is the highest common factor of f and 110?
10
Suppose 4*s = 9 + 7. Let u be (-2)/(-24) + 123/108 + (-4)/18. Calculate the greatest common divisor of u and s.
1
Suppose -4*x - p + 444 = 0, 5*p + 240 = 2*x + p. Calculate the highest common divisor of 364 and x.
28
Let d = -72 + 108. Let m = d + -21. Calculate the highest common factor of m and 5.
5
Suppose 4*l = 2*d + 32, -3*d + 27 = 3*l - 6. Suppose -4*b - 20 = 0, l*m + b = 4*m + 295. Calculate the greatest common factor of 90 and m.
30
Let i = 10 - -17. Let r be ((-104)/39)/((-2)/i). What is the highest common factor of r and 12?
12
Suppose 5*b = -2*b + 56. Suppose -k = -4*a - b - 9, -3*a - 17 = -5*k. What is the highest common divisor of k and 7?
1
Let o be (-2 - -1)*-118 + 1. Let g(z) = -25*z - 491. Let s be g(-21). What is the greatest common factor of s and o?
17
Let c be (5092/304)/((-1)/(-4)). What is the greatest common factor of 335 and c?
67
Suppose -20*v + 10708 + 85892 = 0. Calculate the greatest common divisor of 161 and v.
161
Suppose -8*k = -366 + 94. Let s(h) = -11*h - 9. Let b be s(-1). Calculate the greatest common factor of b and k.
2
Let z(v) = 193*v**2 - 1. Let w = 11 + -9. Suppose 3 = w*a + a. Let s be z(a). What is the highest common divisor of 24 and s?
24
Let w(b) = 2*b**2 - 11*b - 8. Let h be w(6). Let t = h - -20. Calculate the greatest common divisor of 9 and t.
9
Let s = -3 + 6. Suppose b - 2*b = -5*d - 175, -151 = -b - s*d. Suppose a - b = -0*a. What is the greatest common factor of a and 16?
16
Suppose 0 = -x + 2*x - 11. Let u(z) = -z**2 - 13*z + 2. Let q be u(-7). What is the greatest common divisor of x and q?
11
Let v be 1/(3 - (-16)/(-6)). Let y(k) = -2*k - 7. Let f be y(-5). Suppose 9*j = f*j + 12. What is the greatest common factor of v and j?
1
Let k(d) = -8*d + 377. Let m be k(-6). What is the highest common factor of 17 and m?
17
Let c = -9 + 14. Suppose u - c - 17 = 0. Let a = 94 - u. What is the greatest common divisor of a and 8?
8
Suppose 2*h + 3*u - 5 = h, 0 = h - 2*u - 20. Calculate the greatest common divisor of h and 434.
14
Suppose 3*z = -20 + 35, -z - 2697 = -2*y. Calculate the highest common factor of 7 and y.
7
Let y = 12 - 4. Suppose 4*a - 212 - y = 0. Suppose n + a = 5*h + 6*n, 2*h = 4*n + 4. What is the highest common factor of h and 20?
4
Let n(o) = o**3 + 37*o**2 - 3*o - 83. Let z be n(-37). What is the greatest common factor of z and 448?
28
Suppose 12 = 5*b + 2, -2*u + 2*b + 2544 = 0. Calculate the greatest common factor of u and 78.
26
Let f be -1 - 0 - -2*(-4)/(-8). Suppose 2*z + 2*g - 14 = 0, 2*z - 7*z - g + 43 = f. Calculate the greatest common divisor of 63 and z.
9
Let k be 26/2262*1038 + 2/29. What is the greatest common factor of k and 300?
12
Suppose 5*p - 3*c - 75 + 0 = 0, -3*c = p - 33. Let i = 196 + -106. What is the highest common factor of i and p?
18
Let p be (-2)/(-4) - (-418)/44. Let t(u) = u + 32. Let s be t(-22). What is the highest common divisor of p and s?
10
Let a be 0 + (-263)/3 + 6/(-18). Let c = -82 - a. Calculate the highest common divisor of 6 and c.
6
Let w(d) = -2*d + 38. Let v be w(18). Suppose 0*q + 1 = 5*o + 3*q, -v*o - 11 = 5*q. Calculate the greatest common factor of o and 6.
2
Suppose -5*z + 1045 = -0*i + 5*i, 5*i = 0. Calculate the greatest common factor of 19 and z.
19
Let a be 1*6*105/6. Let g = -178 + a. Let t = g - -123. What is the highest common divisor of 20 and t?
10
Let h be ((-6)/(-4))/(3/16). Let q = 9 - 6. Suppose -3*v = q - 6. What is the highest common divisor of v and h?
1
Suppose -4*j - 16 = 0, 2*p - 3*j + 8 = -2*j. Let u be 42/18 - 4/p. Suppose -3*m = 6, u*m = 4*f + 2*m - 450. Calculate the highest common divisor 